{"id":3828,"date":"2024-10-08T19:22:20","date_gmt":"2024-10-08T17:22:20","guid":{"rendered":"http:\/\/www.lespucks.com\/?page_id=3828"},"modified":"2024-10-08T19:22:27","modified_gmt":"2024-10-08T17:22:27","slug":"atelier-clown","status":"publish","type":"page","link":"https:\/\/www.lespucks.com\/index.php\/atelier-clown\/","title":{"rendered":"Atelier clown"},"content":{"rendered":"[et_pb_section fb_built=\u00a0\u00bb1&Prime; admin_label=\u00a0\u00bbsection\u00a0\u00bb _builder_version=\u00a0\u00bb3.0.47&Prime;][et_pb_row admin_label=\u00a0\u00bbrow\u00a0\u00bb _builder_version=\u00a0\u00bb3.0.48&Prime; background_size=\u00a0\u00bbinitial\u00a0\u00bb background_position=\u00a0\u00bbtop_left\u00a0\u00bb background_repeat=\u00a0\u00bbrepeat\u00a0\u00bb][et_pb_column type=\u00a0\u00bb1_2&Prime; _builder_version=\u00a0\u00bb3.0.47&Prime;][et_pb_image src=\u00a0\u00bbhttps:\/\/www.lespucks.com\/wp-content\/uploads\/2024\/04\/gar.jpg\u00a0\u00bb _builder_version=\u00a0\u00bb3.20.1&Prime;][\/et_pb_image][\/et_pb_column][et_pb_column type=\u00a0\u00bb1_2&Prime; _builder_version=\u00a0\u00bb3.0.47&Prime;][et_pb_text admin_label=\u00a0\u00bbText\u00a0\u00bb _builder_version=\u00a0\u00bb3.20.1&Prime; background_size=\u00a0\u00bbinitial\u00a0\u00bb background_position=\u00a0\u00bbtop_left\u00a0\u00bb background_repeat=\u00a0\u00bbrepeat\u00a0\u00bb]<p>&nbsp;<\/p>\n<p><\/p>\n<h1 class=\"has-large-font-size\" style=\"text-align: center;\"><strong>Atelier Clown<\/strong><\/h1>\n<p><\/p>\n<p><strong data-rich-text-format-boundary=\"true\">Avec Garance Delaunay, com\u00e9dienne clowne <\/strong><\/p>\n<p><strong data-rich-text-format-boundary=\"true\">Public vis\u00e9 : tout le monde \u00e0 partir de 10 ans <br \/><\/strong><\/p>\n<p style=\"text-align: justify;\"><span style=\"color: #000000;\">Le clown est un \u00eatre sensible, authentique et spontan\u00e9 qui offre \u00e0 un public ce qui le traverse. C\u2019est un alter ego d\u00e9cal\u00e9, qui peut \u00eatre dr\u00f4le et touchant. <\/span><\/p>\n<p style=\"text-align: justify;\"><span style=\"color: #000000;\">J\u2019accompagne les enfants et adolescent.es \u00e0 exprimer leur propre imaginaire et leurs propres \u00e9motions et sensations par le clown. Il me tient \u00e0 c\u0153ur de transmettre : le plaisir du jeu, le l\u00e2cher prise, la construction au pr\u00e9sent.<\/span><\/p>\n<p style=\"text-align: justify;\"><span style=\"color: #000000;\">Il est possible d\u2019explorer diff\u00e9rents axes : les \u00e9motions, l\u2019\u00e9mergence du personnage, l\u2019expression corporelle, le d\u00e9tournement d\u2019objet et l\u2019exploration du maquillage et du costume.<\/span><\/p>\n<p style=\"text-align: justify;\"><span style=\"color: #000000;\">La pratique du clown est riche. Elle mobilise l\u2019imaginaire, l\u2019\u00e9coute de soi et des autres, implique le corps et la voix et d\u00e9veloppe la confiance en soi.<\/span><\/p>\n<p style=\"text-align: justify;\"><span style=\"color: #000000;\">Les ateliers sont construits avec vous selon vos envies et la dur\u00e9e du projet.<\/span><\/p>\n<p style=\"text-align: justify;\"><span style=\"color: #000000;\">N\u2019h\u00e9sitez pas \u00e0 nous contacter !<\/span><\/p>\n<p><span style=\"color: #000000;\">\u00ab\u00a0 <em>Clown, abattant dans la ris\u00e9e, dans le grotesque, dans l&rsquo;esclaffement, le sens que contre toute lumi\u00e8re je m&rsquo;\u00e9tais fait de mon importance.<\/em><\/span><br data-rich-text-line-break=\"true\" \/><span style=\"color: #000000;\"> \u00a0\u00a0\u00a0\u00a0\u00a0\u00a0\u00a0<em>Je plongerai.\u00a0\u00bb<\/em> Henri Michaux,\u00a0L&rsquo;Espace du dedans (1956)<\/span><\/p>\n<p><span style=\"color: #000000;\"><\/span><\/p>\n<p><span style=\"color: #000000; font-size: small;\">Cr\u00e9dits photo : L\u00e9onore Preszburger<\/span><\/p>\n<p><!-- \/wp:post-content --><\/p>\n<p>&nbsp;<\/p>[\/et_pb_text][et_pb_button button_url=\u00a0\u00bbhttps:\/\/www.lespucks.com\/index.php\/nous-contacter\/\u00a0\u00bb button_text=\u00a0\u00bbContactez nous pour un devis\u00a0\u00bb _builder_version=\u00a0\u00bb3.20.1&Prime; custom_button=\u00a0\u00bbon\u00a0\u00bb button_text_size=\u00a0\u00bb15px\u00a0\u00bb button_text_color=\u00a0\u00bb#0c71c3&Prime; button_letter_spacing=\u00a0\u00bb4px\u00a0\u00bb button_font=\u00a0\u00bb||||||||\u00a0\u00bb][\/et_pb_button][\/et_pb_column][\/et_pb_row][\/et_pb_section]","protected":false},"excerpt":{"rendered":"<p>&nbsp; Atelier Clown Avec Garance Delaunay, com\u00e9dienne clowne Public vis\u00e9 : tout le monde \u00e0 partir de 10 ans Le clown est un \u00eatre sensible, authentique et spontan\u00e9 qui offre \u00e0 un public ce qui le traverse. C\u2019est un alter ego d\u00e9cal\u00e9, qui peut \u00eatre dr\u00f4le et touchant. J\u2019accompagne les enfants et adolescent.es \u00e0 exprimer [&hellip;]<\/p>\n","protected":false},"author":1,"featured_media":0,"parent":0,"menu_order":0,"comment_status":"closed","ping_status":"closed","template":"","meta":{"_et_pb_use_builder":"on","_et_pb_old_content":"","_et_gb_content_width":"","footnotes":""},"class_list":["post-3828","page","type-page","status-publish","hentry"],"aioseo_notices":[],"_links":{"self":[{"href":"https:\/\/www.lespucks.com\/index.php\/wp-json\/wp\/v2\/pages\/3828","targetHints":{"allow":["GET"]}}],"collection":[{"href":"https:\/\/www.lespucks.com\/index.php\/wp-json\/wp\/v2\/pages"}],"about":[{"href":"https:\/\/www.lespucks.com\/index.php\/wp-json\/wp\/v2\/types\/page"}],"author":[{"embeddable":true,"href":"https:\/\/www.lespucks.com\/index.php\/wp-json\/wp\/v2\/users\/1"}],"replies":[{"embeddable":true,"href":"https:\/\/www.lespucks.com\/index.php\/wp-json\/wp\/v2\/comments?post=3828"}],"version-history":[{"count":4,"href":"https:\/\/www.lespucks.com\/index.php\/wp-json\/wp\/v2\/pages\/3828\/revisions"}],"predecessor-version":[{"id":3839,"href":"https:\/\/www.lespucks.com\/index.php\/wp-json\/wp\/v2\/pages\/3828\/revisions\/3839"}],"wp:attachment":[{"href":"https:\/\/www.lespucks.com\/index.php\/wp-json\/wp\/v2\/media?parent=3828"}],"curies":[{"name":"wp","href":"https:\/\/api.w.org\/{rel}","templated":true}]}}